{"id":1063,"date":"2023-02-14T15:34:56","date_gmt":"2023-02-14T15:34:56","guid":{"rendered":"https:\/\/weinheimtaxi.de\/?page_id=1063"},"modified":"2025-03-25T12:55:49","modified_gmt":"2025-03-25T12:55:49","slug":"omnibusbetrieb-bhatti","status":"publish","type":"page","link":"https:\/\/lampertheimtaxi.de\/index.php\/omnibusbetrieb-bhatti\/","title":{"rendered":"Omnibusbetrieb Bhatti"},"content":{"rendered":"\n<div id=\"section-g729841\" class=\"wp-block-gutentor-e1 section-g729841 gutentor-element gutentor-element-advanced-text\"><div class=\"gutentor-text-wrap\"><h1 class=\"gutentor-text\">Omnibusbetrieb Bhatti<\/h1><\/div><\/div>\n\n\n\n<div id=\"section-g98f34f\" class=\"wp-block-gutentor-e1 section-g98f34f gutentor-element gutentor-element-advanced-text text-align-center-desktop\"><div class=\"gutentor-text-wrap\"><p class=\"gutentor-text\"><strong><strong>Komfortabel, sicher und zuverl\u00e4ssig reisen!<\/strong><\/strong><\/p><\/div><\/div>\n\n\n\n<div class=\"wp-block-cover alignfull\" style=\"min-height:600px;aspect-ratio:unset;\"><span aria-hidden=\"true\" class=\"wp-block-cover__background has-nv-dark-bg-background-color has-background-dim-100 has-background-dim\"><\/span><div class=\"wp-block-cover__inner-container is-layout-flow wp-block-cover-is-layout-flow\">\n<div class=\"wp-block-group\"><div class=\"wp-block-group__inner-container is-layout-flow wp-block-group-is-layout-flow\">\n<div style=\"height:80px\" aria-hidden=\"true\" class=\"wp-block-spacer\"><\/div>\n\n\n\n<div class=\"wp-block-columns are-vertically-aligned-center is-layout-flex wp-container-core-columns-is-layout-9d6595d7 wp-block-columns-is-layout-flex\">\n<div class=\"wp-block-column is-vertically-aligned-center is-layout-flow wp-block-column-is-layout-flow\" style=\"flex-basis:50%\">\n<figure class=\"wp-block-image size-large\"><img loading=\"lazy\" decoding=\"async\" width=\"1024\" height=\"683\" src=\"https:\/\/lampertheimtaxi.de\/wp-content\/uploads\/2023\/02\/touristenbusse-auf-dem-parkplatz-bei-sonnenaufgang-oder-sonnenuntergang-1-1024x683.jpg\" alt=\"\" class=\"wp-image-1071\" srcset=\"https:\/\/lampertheimtaxi.de\/wp-content\/uploads\/2023\/02\/touristenbusse-auf-dem-parkplatz-bei-sonnenaufgang-oder-sonnenuntergang-1-1024x683.jpg 1024w, https:\/\/lampertheimtaxi.de\/wp-content\/uploads\/2023\/02\/touristenbusse-auf-dem-parkplatz-bei-sonnenaufgang-oder-sonnenuntergang-1-300x200.jpg 300w, https:\/\/lampertheimtaxi.de\/wp-content\/uploads\/2023\/02\/touristenbusse-auf-dem-parkplatz-bei-sonnenaufgang-oder-sonnenuntergang-1-768x512.jpg 768w, https:\/\/lampertheimtaxi.de\/wp-content\/uploads\/2023\/02\/touristenbusse-auf-dem-parkplatz-bei-sonnenaufgang-oder-sonnenuntergang-1-930x620.jpg 930w, https:\/\/lampertheimtaxi.de\/wp-content\/uploads\/2023\/02\/touristenbusse-auf-dem-parkplatz-bei-sonnenaufgang-oder-sonnenuntergang-1.jpg 1248w\" sizes=\"auto, (max-width: 1024px) 100vw, 1024px\" \/><\/figure>\n<\/div>\n\n\n\n<div class=\"wp-block-column is-vertically-aligned-center is-layout-flow wp-block-column-is-layout-flow\" style=\"flex-basis:50%\">\n<h2 class=\"wp-block-heading has-nv-site-bg-color has-text-color\">Reisefahrten<\/h2>\n\n\n\n<p class=\"has-nv-site-bg-color has-text-color\">Wir bieten flexible Fahrpl\u00e4ne, die es Ihnen erm\u00f6glichen, Ihre Reise nach Ihren W\u00fcnschen zu planen. Unsere erfahrenen Fahrer sorgen daf\u00fcr, dass Sie sicher und stressfrei an Ihr Ziel kommen. Wir bieten auch eine breite Palette an Serviceleistungen, die Ihnen ein angenehmes Reiseerlebnis garantieren. Dazu geh\u00f6ren komfortable Sitzgelegenheiten, kosteng\u00fcnstige Preise und verschiedene Sonderangebote. Wir bem\u00fchen uns stets, den h\u00f6chsten Standard an Kundenzufriedenheit zu erreichen. Unser Ziel ist es, Ihnen eine unvergessliche Reise zu bieten!<\/p>\n\n\n\n<div class=\"wp-block-buttons is-layout-flex wp-block-buttons-is-layout-flex\">\n<div class=\"wp-block-button is-style-primary\"><a class=\"wp-block-button__link has-nv-site-bg-color has-text-color has-background wp-element-button\" href=\"tel:06256 669224\" style=\"background-color:#08a11f\">Anrufen<\/a><\/div>\n<\/div>\n<\/div>\n<\/div>\n\n\n\n<div style=\"height:40px\" aria-hidden=\"true\" class=\"wp-block-spacer\"><\/div>\n<\/div><\/div>\n<\/div><\/div>\n\n\n\n<div class=\"wp-block-cover alignfull\" style=\"min-height:600px;aspect-ratio:unset;\"><span aria-hidden=\"true\" class=\"wp-block-cover__background has-nv-site-bg-background-color has-background-dim-100 has-background-dim\"><\/span><div class=\"wp-block-cover__inner-container is-layout-flow wp-block-cover-is-layout-flow\">\n<div class=\"wp-block-group\"><div class=\"wp-block-group__inner-container is-layout-flow wp-block-group-is-layout-flow\">\n<div style=\"height:80px\" aria-hidden=\"true\" class=\"wp-block-spacer\"><\/div>\n\n\n\n<div class=\"wp-block-columns are-vertically-aligned-center is-layout-flex wp-container-core-columns-is-layout-9d6595d7 wp-block-columns-is-layout-flex\">\n<div class=\"wp-block-column is-vertically-aligned-center is-layout-flow wp-block-column-is-layout-flow\" style=\"flex-basis:50%\">\n<h2 class=\"wp-block-heading has-nv-dark-bg-color has-text-color\">Ausflugsfahrten<\/h2>\n\n\n\n<p class=\"has-nv-dark-bg-color has-text-color has-medium-font-size\"><strong>WIR FAHREN, SIE GENIE\u00dfEN!<\/strong><\/p>\n\n\n\n<p class=\"has-nv-dark-bg-color has-text-color\">Unser Omnibusbetrieb bietet Ihnen eine Vielzahl an spannenden und erlebnisreichen Ausflugsfahrten. Unsere Ausflugsfahrten bringen Sie an die sch\u00f6nsten Orte und laden zu einzigartigen Erfahrungen ein. <\/p>\n\n\n\n<p class=\"has-nv-dark-bg-color has-text-color\">Ob Wanderausflug, Sightseeing-Tour oder Stadtrundfahrt \u2013 wir bieten f\u00fcr jeden das Passende. Unser erfahrenes Team sorgt daf\u00fcr, dass Sie sich bequem und sicher auf die Reise begeben k\u00f6nnen. Wir bieten Ihnen einen modernen Fuhrpark mit komfortablen und zuverl\u00e4ssigen Fahrzeugen, die Sie sicher an Ihr Ziel bringen. <\/p>\n\n\n\n<p class=\"has-nv-dark-bg-color has-text-color\">Buchen Sie noch heute eine unserer Ausflugsfahrten und lassen Sie sich von den sch\u00f6nsten Sehensw\u00fcrdigkeiten der Umgebung begeistern. Mit uns reisen Sie bequem, sicher und zuverl\u00e4ssig und k\u00f6nnen sich ganz auf das Erlebnis konzentrieren!<\/p>\n\n\n\n<div class=\"wp-block-buttons is-layout-flex wp-block-buttons-is-layout-flex\">\n<div class=\"wp-block-button is-style-primary\"><a class=\"wp-block-button__link has-nv-site-bg-color has-text-color has-background wp-element-button\" href=\"tel:06256 669224\" style=\"background-color:#08a11f\">Anrufen<\/a><\/div>\n<\/div>\n\n\n\n<div style=\"height:20px\" aria-hidden=\"true\" class=\"wp-block-spacer\"><\/div>\n<\/div>\n\n\n\n<div class=\"wp-block-column is-vertically-aligned-center is-layout-flow wp-block-column-is-layout-flow\" style=\"flex-basis:50%\"><div class=\"wp-block-image is-style-default\">\n<figure class=\"alignright size-large is-resized\"><img loading=\"lazy\" decoding=\"async\" width=\"1024\" height=\"678\" src=\"https:\/\/lampertheimtaxi.de\/wp-content\/uploads\/2023\/02\/verkehr-fahrzeug-staedtischen-reflexionen-stadt-1024x678.jpg\" alt=\"\" class=\"wp-image-1083\" style=\"width:768px;height:509px\" srcset=\"https:\/\/lampertheimtaxi.de\/wp-content\/uploads\/2023\/02\/verkehr-fahrzeug-staedtischen-reflexionen-stadt-1024x678.jpg 1024w, https:\/\/lampertheimtaxi.de\/wp-content\/uploads\/2023\/02\/verkehr-fahrzeug-staedtischen-reflexionen-stadt-300x199.jpg 300w, https:\/\/lampertheimtaxi.de\/wp-content\/uploads\/2023\/02\/verkehr-fahrzeug-staedtischen-reflexionen-stadt-768x508.jpg 768w, https:\/\/lampertheimtaxi.de\/wp-content\/uploads\/2023\/02\/verkehr-fahrzeug-staedtischen-reflexionen-stadt.jpg 1248w\" sizes=\"auto, (max-width: 1024px) 100vw, 1024px\" \/><\/figure>\n<\/div><\/div>\n<\/div>\n<\/div><\/div>\n<\/div><\/div>\n\n\n\n<div class=\"wp-block-cover alignfull\" style=\"min-height:600px;aspect-ratio:unset;\"><span aria-hidden=\"true\" class=\"wp-block-cover__background has-nv-dark-bg-background-color has-background-dim-100 has-background-dim\"><\/span><div class=\"wp-block-cover__inner-container is-layout-flow wp-block-cover-is-layout-flow\">\n<div class=\"wp-block-group\"><div class=\"wp-block-group__inner-container is-layout-flow wp-block-group-is-layout-flow\">\n<div style=\"height:80px\" aria-hidden=\"true\" class=\"wp-block-spacer\"><\/div>\n\n\n\n<div class=\"wp-block-columns are-vertically-aligned-center is-layout-flex wp-container-core-columns-is-layout-9d6595d7 wp-block-columns-is-layout-flex\">\n<div class=\"wp-block-column is-vertically-aligned-center is-layout-flow wp-block-column-is-layout-flow\" style=\"flex-basis:50%\">\n<figure class=\"wp-block-image size-large\"><img loading=\"lazy\" decoding=\"async\" width=\"1024\" height=\"770\" src=\"https:\/\/lampertheimtaxi.de\/wp-content\/uploads\/2025\/03\/Taxi-Bhatti-Omnibus-Weinheim-e1742907329515-1024x770.jpeg\" alt=\"\" class=\"wp-image-1441\" srcset=\"https:\/\/lampertheimtaxi.de\/wp-content\/uploads\/2025\/03\/Taxi-Bhatti-Omnibus-Weinheim-e1742907329515-1024x770.jpeg 1024w, https:\/\/lampertheimtaxi.de\/wp-content\/uploads\/2025\/03\/Taxi-Bhatti-Omnibus-Weinheim-e1742907329515-300x225.jpeg 300w, https:\/\/lampertheimtaxi.de\/wp-content\/uploads\/2025\/03\/Taxi-Bhatti-Omnibus-Weinheim-e1742907329515-768x577.jpeg 768w, https:\/\/lampertheimtaxi.de\/wp-content\/uploads\/2025\/03\/Taxi-Bhatti-Omnibus-Weinheim-e1742907329515.jpeg 1284w\" sizes=\"auto, (max-width: 1024px) 100vw, 1024px\" \/><\/figure>\n<\/div>\n\n\n\n<div class=\"wp-block-column is-vertically-aligned-center is-layout-flow wp-block-column-is-layout-flow\" style=\"flex-basis:50%\">\n<h2 class=\"wp-block-heading has-nv-site-bg-color has-text-color\">Inlands- &amp; Auslandsfahrten<\/h2>\n\n\n\n<p class=\"has-nv-site-bg-color has-text-color\">Ob Inlands- und Auslandsfahrten, unsere Fahrten bringen Sie an die sch\u00f6nsten Orte. Egal ob Sie eine Entdeckungsreise durch das Land Ihrer Wahl unternehmen m\u00f6chten oder eine Rundreise durch die Welt planen \u2013 mit uns sind Sie bestens aufgehoben.<\/p>\n\n\n\n<p class=\"has-nv-site-bg-color has-text-color\">F\u00fcr Gruppen haben wir verschiedene Gr\u00f6\u00dfen an Bussen zur Verf\u00fcgung, sodass jede Gruppe den richtigen Bus f\u00fcr ihre Reise findet.<\/p>\n\n\n\n<p class=\"has-nv-site-bg-color has-text-color\">Buchen Sie noch heute eine unserer Inlands- oder Auslandsfahrten und lassen Sie sich von der Vielfalt der Welt begeistern!<\/p>\n\n\n\n<div class=\"wp-block-buttons is-layout-flex wp-block-buttons-is-layout-flex\">\n<div class=\"wp-block-button is-style-primary\"><a class=\"wp-block-button__link has-nv-site-bg-color has-text-color has-background wp-element-button\" href=\"tel:06256 669224\" style=\"background-color:#08a11f\">Anrufen<\/a><\/div>\n<\/div>\n<\/div>\n<\/div>\n\n\n\n<div style=\"height:40px\" aria-hidden=\"true\" class=\"wp-block-spacer\"><\/div>\n<\/div><\/div>\n<\/div><\/div>\n","protected":false},"excerpt":{"rendered":"","protected":false},"author":3,"featured_media":0,"parent":0,"menu_order":0,"comment_status":"closed","ping_status":"closed","template":"","meta":{"neve_meta_sidebar":"default","neve_meta_container":"default","neve_meta_enable_content_width":"on","neve_meta_content_width":100,"neve_meta_title_alignment":"","neve_meta_author_avatar":"","neve_post_elements_order":"","neve_meta_disable_header":"","neve_meta_disable_footer":"","neve_meta_disable_title":"on","_joinchat":[],"footnotes":""},"class_list":["post-1063","page","type-page","status-publish","hentry"],"yoast_head":"<!-- This site is optimized with the Yoast SEO plugin v27.4 - https:\/\/yoast.com\/product\/yoast-seo-wordpress\/ -->\n<title>Omnibusbetrieb Bhatti - Taxi Lampertheim &amp; Omnibusbetrieb Bhatti jetzt bestellen - kontaktieren Sie uns<\/title>\n<meta name=\"description\" content=\"Taxi Lampertheim Taxifahrten Stadtfahrten Flughafentransfer Krankenfahrten Rollstuhlfahren VIP Shuttle VIP Taxi Kurierfahrten Sch\u00fclerfahrten\" \/>\n<meta name=\"robots\" content=\"index, follow, max-snippet:-1, max-image-preview:large, max-video-preview:-1\" \/>\n<link rel=\"canonical\" href=\"https:\/\/lampertheimtaxi.de\/index.php\/omnibusbetrieb-bhatti\/\" \/>\n<meta property=\"og:locale\" content=\"de_DE\" \/>\n<meta property=\"og:type\" content=\"article\" \/>\n<meta property=\"og:title\" content=\"Omnibusbetrieb Bhatti - Taxi Lampertheim &amp; Omnibusbetrieb Bhatti jetzt bestellen - kontaktieren Sie uns\" \/>\n<meta property=\"og:description\" content=\"Taxi Lampertheim Taxifahrten Stadtfahrten Flughafentransfer Krankenfahrten Rollstuhlfahren VIP Shuttle VIP Taxi Kurierfahrten Sch\u00fclerfahrten\" \/>\n<meta property=\"og:url\" content=\"https:\/\/lampertheimtaxi.de\/index.php\/omnibusbetrieb-bhatti\/\" \/>\n<meta property=\"og:site_name\" content=\"Taxi Lampertheim &amp; Omnibusbetrieb Bhatti\" \/>\n<meta property=\"article:modified_time\" content=\"2025-03-25T12:55:49+00:00\" \/>\n<meta property=\"og:image\" content=\"https:\/\/lampertheimtaxi.de\/wp-content\/uploads\/2023\/02\/touristenbusse-auf-dem-parkplatz-bei-sonnenaufgang-oder-sonnenuntergang-1.jpg\" \/>\n\t<meta property=\"og:image:width\" content=\"1248\" \/>\n\t<meta property=\"og:image:height\" content=\"832\" \/>\n\t<meta property=\"og:image:type\" content=\"image\/jpeg\" \/>\n<meta name=\"twitter:card\" content=\"summary_large_image\" \/>\n<meta name=\"twitter:label1\" content=\"Gesch\u00e4tzte Lesezeit\" \/>\n\t<meta name=\"twitter:data1\" content=\"3\u00a0Minuten\" \/>\n<script type=\"application\/ld+json\" class=\"yoast-schema-graph\">{\"@context\":\"https:\\\/\\\/schema.org\",\"@graph\":[{\"@type\":\"WebPage\",\"@id\":\"https:\\\/\\\/lampertheimtaxi.de\\\/index.php\\\/omnibusbetrieb-bhatti\\\/\",\"url\":\"https:\\\/\\\/lampertheimtaxi.de\\\/index.php\\\/omnibusbetrieb-bhatti\\\/\",\"name\":\"Omnibusbetrieb Bhatti - Taxi Lampertheim &amp; Omnibusbetrieb Bhatti jetzt bestellen - kontaktieren Sie uns\",\"isPartOf\":{\"@id\":\"https:\\\/\\\/lampertheimtaxi.de\\\/#website\"},\"primaryImageOfPage\":{\"@id\":\"https:\\\/\\\/lampertheimtaxi.de\\\/index.php\\\/omnibusbetrieb-bhatti\\\/#primaryimage\"},\"image\":{\"@id\":\"https:\\\/\\\/lampertheimtaxi.de\\\/index.php\\\/omnibusbetrieb-bhatti\\\/#primaryimage\"},\"thumbnailUrl\":\"https:\\\/\\\/lampertheimtaxi.de\\\/wp-content\\\/uploads\\\/2023\\\/02\\\/touristenbusse-auf-dem-parkplatz-bei-sonnenaufgang-oder-sonnenuntergang-1-1024x683.jpg\",\"datePublished\":\"2023-02-14T15:34:56+00:00\",\"dateModified\":\"2025-03-25T12:55:49+00:00\",\"description\":\"Taxi Lampertheim Taxifahrten Stadtfahrten Flughafentransfer Krankenfahrten Rollstuhlfahren VIP Shuttle VIP Taxi Kurierfahrten Sch\u00fclerfahrten\",\"breadcrumb\":{\"@id\":\"https:\\\/\\\/lampertheimtaxi.de\\\/index.php\\\/omnibusbetrieb-bhatti\\\/#breadcrumb\"},\"inLanguage\":\"de\",\"potentialAction\":[{\"@type\":\"ReadAction\",\"target\":[\"https:\\\/\\\/lampertheimtaxi.de\\\/index.php\\\/omnibusbetrieb-bhatti\\\/\"]}]},{\"@type\":\"ImageObject\",\"inLanguage\":\"de\",\"@id\":\"https:\\\/\\\/lampertheimtaxi.de\\\/index.php\\\/omnibusbetrieb-bhatti\\\/#primaryimage\",\"url\":\"https:\\\/\\\/lampertheimtaxi.de\\\/wp-content\\\/uploads\\\/2023\\\/02\\\/touristenbusse-auf-dem-parkplatz-bei-sonnenaufgang-oder-sonnenuntergang-1.jpg\",\"contentUrl\":\"https:\\\/\\\/lampertheimtaxi.de\\\/wp-content\\\/uploads\\\/2023\\\/02\\\/touristenbusse-auf-dem-parkplatz-bei-sonnenaufgang-oder-sonnenuntergang-1.jpg\",\"width\":1248,\"height\":832},{\"@type\":\"BreadcrumbList\",\"@id\":\"https:\\\/\\\/lampertheimtaxi.de\\\/index.php\\\/omnibusbetrieb-bhatti\\\/#breadcrumb\",\"itemListElement\":[{\"@type\":\"ListItem\",\"position\":1,\"name\":\"Startseite\",\"item\":\"https:\\\/\\\/lampertheimtaxi.de\\\/\"},{\"@type\":\"ListItem\",\"position\":2,\"name\":\"Omnibusbetrieb Bhatti\"}]},{\"@type\":\"WebSite\",\"@id\":\"https:\\\/\\\/lampertheimtaxi.de\\\/#website\",\"url\":\"https:\\\/\\\/lampertheimtaxi.de\\\/\",\"name\":\"Taxi Lampertheim &amp; Omnibusbetrieb Bhatti\",\"description\":\"Taxiunternehmen in Lampertheim\",\"publisher\":{\"@id\":\"https:\\\/\\\/lampertheimtaxi.de\\\/#organization\"},\"potentialAction\":[{\"@type\":\"SearchAction\",\"target\":{\"@type\":\"EntryPoint\",\"urlTemplate\":\"https:\\\/\\\/lampertheimtaxi.de\\\/?s={search_term_string}\"},\"query-input\":{\"@type\":\"PropertyValueSpecification\",\"valueRequired\":true,\"valueName\":\"search_term_string\"}}],\"inLanguage\":\"de\"},{\"@type\":\"Organization\",\"@id\":\"https:\\\/\\\/lampertheimtaxi.de\\\/#organization\",\"name\":\"Taxi Lampertheim &amp; Omnibusbetrieb Bhatti\",\"url\":\"https:\\\/\\\/lampertheimtaxi.de\\\/\",\"logo\":{\"@type\":\"ImageObject\",\"inLanguage\":\"de\",\"@id\":\"https:\\\/\\\/lampertheimtaxi.de\\\/#\\\/schema\\\/logo\\\/image\\\/\",\"url\":\"https:\\\/\\\/lampertheimtaxi.de\\\/wp-content\\\/uploads\\\/2021\\\/03\\\/cropped-Logo02.png\",\"contentUrl\":\"https:\\\/\\\/lampertheimtaxi.de\\\/wp-content\\\/uploads\\\/2021\\\/03\\\/cropped-Logo02.png\",\"width\":877,\"height\":185,\"caption\":\"Taxi Lampertheim &amp; Omnibusbetrieb Bhatti\"},\"image\":{\"@id\":\"https:\\\/\\\/lampertheimtaxi.de\\\/#\\\/schema\\\/logo\\\/image\\\/\"}}]}<\/script>\n<!-- \/ Yoast SEO plugin. -->","yoast_head_json":{"title":"Omnibusbetrieb Bhatti - Taxi Lampertheim &amp; Omnibusbetrieb Bhatti jetzt bestellen - kontaktieren Sie uns","description":"Taxi Lampertheim Taxifahrten Stadtfahrten Flughafentransfer Krankenfahrten Rollstuhlfahren VIP Shuttle VIP Taxi Kurierfahrten Sch\u00fclerfahrten","robots":{"index":"index","follow":"follow","max-snippet":"max-snippet:-1","max-image-preview":"max-image-preview:large","max-video-preview":"max-video-preview:-1"},"canonical":"https:\/\/lampertheimtaxi.de\/index.php\/omnibusbetrieb-bhatti\/","og_locale":"de_DE","og_type":"article","og_title":"Omnibusbetrieb Bhatti - Taxi Lampertheim &amp; Omnibusbetrieb Bhatti jetzt bestellen - kontaktieren Sie uns","og_description":"Taxi Lampertheim Taxifahrten Stadtfahrten Flughafentransfer Krankenfahrten Rollstuhlfahren VIP Shuttle VIP Taxi Kurierfahrten Sch\u00fclerfahrten","og_url":"https:\/\/lampertheimtaxi.de\/index.php\/omnibusbetrieb-bhatti\/","og_site_name":"Taxi Lampertheim &amp; Omnibusbetrieb Bhatti","article_modified_time":"2025-03-25T12:55:49+00:00","og_image":[{"width":1248,"height":832,"url":"https:\/\/lampertheimtaxi.de\/wp-content\/uploads\/2023\/02\/touristenbusse-auf-dem-parkplatz-bei-sonnenaufgang-oder-sonnenuntergang-1.jpg","type":"image\/jpeg"}],"twitter_card":"summary_large_image","twitter_misc":{"Gesch\u00e4tzte Lesezeit":"3\u00a0Minuten"},"schema":{"@context":"https:\/\/schema.org","@graph":[{"@type":"WebPage","@id":"https:\/\/lampertheimtaxi.de\/index.php\/omnibusbetrieb-bhatti\/","url":"https:\/\/lampertheimtaxi.de\/index.php\/omnibusbetrieb-bhatti\/","name":"Omnibusbetrieb Bhatti - Taxi Lampertheim &amp; Omnibusbetrieb Bhatti jetzt bestellen - kontaktieren Sie uns","isPartOf":{"@id":"https:\/\/lampertheimtaxi.de\/#website"},"primaryImageOfPage":{"@id":"https:\/\/lampertheimtaxi.de\/index.php\/omnibusbetrieb-bhatti\/#primaryimage"},"image":{"@id":"https:\/\/lampertheimtaxi.de\/index.php\/omnibusbetrieb-bhatti\/#primaryimage"},"thumbnailUrl":"https:\/\/lampertheimtaxi.de\/wp-content\/uploads\/2023\/02\/touristenbusse-auf-dem-parkplatz-bei-sonnenaufgang-oder-sonnenuntergang-1-1024x683.jpg","datePublished":"2023-02-14T15:34:56+00:00","dateModified":"2025-03-25T12:55:49+00:00","description":"Taxi Lampertheim Taxifahrten Stadtfahrten Flughafentransfer Krankenfahrten Rollstuhlfahren VIP Shuttle VIP Taxi Kurierfahrten Sch\u00fclerfahrten","breadcrumb":{"@id":"https:\/\/lampertheimtaxi.de\/index.php\/omnibusbetrieb-bhatti\/#breadcrumb"},"inLanguage":"de","potentialAction":[{"@type":"ReadAction","target":["https:\/\/lampertheimtaxi.de\/index.php\/omnibusbetrieb-bhatti\/"]}]},{"@type":"ImageObject","inLanguage":"de","@id":"https:\/\/lampertheimtaxi.de\/index.php\/omnibusbetrieb-bhatti\/#primaryimage","url":"https:\/\/lampertheimtaxi.de\/wp-content\/uploads\/2023\/02\/touristenbusse-auf-dem-parkplatz-bei-sonnenaufgang-oder-sonnenuntergang-1.jpg","contentUrl":"https:\/\/lampertheimtaxi.de\/wp-content\/uploads\/2023\/02\/touristenbusse-auf-dem-parkplatz-bei-sonnenaufgang-oder-sonnenuntergang-1.jpg","width":1248,"height":832},{"@type":"BreadcrumbList","@id":"https:\/\/lampertheimtaxi.de\/index.php\/omnibusbetrieb-bhatti\/#breadcrumb","itemListElement":[{"@type":"ListItem","position":1,"name":"Startseite","item":"https:\/\/lampertheimtaxi.de\/"},{"@type":"ListItem","position":2,"name":"Omnibusbetrieb Bhatti"}]},{"@type":"WebSite","@id":"https:\/\/lampertheimtaxi.de\/#website","url":"https:\/\/lampertheimtaxi.de\/","name":"Taxi Lampertheim &amp; Omnibusbetrieb Bhatti","description":"Taxiunternehmen in Lampertheim","publisher":{"@id":"https:\/\/lampertheimtaxi.de\/#organization"},"potentialAction":[{"@type":"SearchAction","target":{"@type":"EntryPoint","urlTemplate":"https:\/\/lampertheimtaxi.de\/?s={search_term_string}"},"query-input":{"@type":"PropertyValueSpecification","valueRequired":true,"valueName":"search_term_string"}}],"inLanguage":"de"},{"@type":"Organization","@id":"https:\/\/lampertheimtaxi.de\/#organization","name":"Taxi Lampertheim &amp; Omnibusbetrieb Bhatti","url":"https:\/\/lampertheimtaxi.de\/","logo":{"@type":"ImageObject","inLanguage":"de","@id":"https:\/\/lampertheimtaxi.de\/#\/schema\/logo\/image\/","url":"https:\/\/lampertheimtaxi.de\/wp-content\/uploads\/2021\/03\/cropped-Logo02.png","contentUrl":"https:\/\/lampertheimtaxi.de\/wp-content\/uploads\/2021\/03\/cropped-Logo02.png","width":877,"height":185,"caption":"Taxi Lampertheim &amp; Omnibusbetrieb Bhatti"},"image":{"@id":"https:\/\/lampertheimtaxi.de\/#\/schema\/logo\/image\/"}}]}},"_links":{"self":[{"href":"https:\/\/lampertheimtaxi.de\/index.php\/wp-json\/wp\/v2\/pages\/1063","targetHints":{"allow":["GET"]}}],"collection":[{"href":"https:\/\/lampertheimtaxi.de\/index.php\/wp-json\/wp\/v2\/pages"}],"about":[{"href":"https:\/\/lampertheimtaxi.de\/index.php\/wp-json\/wp\/v2\/types\/page"}],"author":[{"embeddable":true,"href":"https:\/\/lampertheimtaxi.de\/index.php\/wp-json\/wp\/v2\/users\/3"}],"replies":[{"embeddable":true,"href":"https:\/\/lampertheimtaxi.de\/index.php\/wp-json\/wp\/v2\/comments?post=1063"}],"version-history":[{"count":29,"href":"https:\/\/lampertheimtaxi.de\/index.php\/wp-json\/wp\/v2\/pages\/1063\/revisions"}],"predecessor-version":[{"id":1443,"href":"https:\/\/lampertheimtaxi.de\/index.php\/wp-json\/wp\/v2\/pages\/1063\/revisions\/1443"}],"wp:attachment":[{"href":"https:\/\/lampertheimtaxi.de\/index.php\/wp-json\/wp\/v2\/media?parent=1063"}],"curies":[{"name":"wp","href":"https:\/\/api.w.org\/{rel}","templated":true}]}}